{"id":115,"date":"2021-03-08T13:06:10","date_gmt":"2021-03-08T13:06:10","guid":{"rendered":"https:\/\/faehrmanns-hus.de\/?page_id=115"},"modified":"2021-03-08T13:06:10","modified_gmt":"2021-03-08T13:06:10","slug":"grundriss","status":"publish","type":"page","link":"https:\/\/faehrmanns-hus.de\/index.php\/grundriss\/","title":{"rendered":"Grundriss"},"content":{"rendered":"<p><img loading=\"lazy\" decoding=\"async\" src=\"https:\/\/faehrmanns-hus.de\/wp-content\/uploads\/2021\/03\/IMG_20210303_0002.jpg\" alt=\"\" width=\"1272\" height=\"1404\" class=\"aligncenter wp-image-106 size-full\" srcset=\"https:\/\/faehrmanns-hus.de\/wp-content\/uploads\/2021\/03\/IMG_20210303_0002.jpg 1272w, https:\/\/faehrmanns-hus.de\/wp-content\/uploads\/2021\/03\/IMG_20210303_0002-272x300.jpg 272w, https:\/\/faehrmanns-hus.de\/wp-content\/uploads\/2021\/03\/IMG_20210303_0002-928x1024.jpg 928w, https:\/\/faehrmanns-hus.de\/wp-content\/uploads\/2021\/03\/IMG_20210303_0002-768x848.jpg 768w\" sizes=\"auto, (max-width: 1272px) 100vw, 1272px\" \/><\/p>\n","protected":false},"excerpt":{"rendered":"","protected":false},"author":1,"featured_media":0,"parent":0,"menu_order":0,"comment_status":"closed","ping_status":"closed","template":"","meta":{"footnotes":""},"class_list":["post-115","page","type-page","status-publish","hentry"],"yoast_head":"<!-- This site is optimized with the Yoast SEO plugin v20.2.1 - https:\/\/yoast.com\/wordpress\/plugins\/seo\/ -->\n<title>Grundriss - Ferienwohnung in Altef\u00e4hr - Urlaub auf R\u00fcgen<\/title>\n<meta name=\"robots\" content=\"index, follow, max-snippet:-1, max-image-preview:large, max-video-preview:-1\" \/>\n<link rel=\"canonical\" href=\"https:\/\/faehrmanns-hus.de\/index.php\/grundriss\/\" \/>\n<meta property=\"og:locale\" content=\"de_DE\" \/>\n<meta property=\"og:type\" content=\"article\" \/>\n<meta property=\"og:title\" content=\"Grundriss - Ferienwohnung in Altef\u00e4hr - Urlaub auf R\u00fcgen\" \/>\n<meta property=\"og:url\" content=\"https:\/\/faehrmanns-hus.de\/index.php\/grundriss\/\" \/>\n<meta property=\"og:site_name\" content=\"Ferienwohnung in Altef\u00e4hr - Urlaub auf R\u00fcgen\" \/>\n<meta property=\"og:image\" content=\"https:\/\/faehrmanns-hus.de\/wp-content\/uploads\/2021\/03\/IMG_20210303_0002.jpg\" \/>\n<meta name=\"twitter:card\" content=\"summary_large_image\" \/>\n<script type=\"application\/ld+json\" class=\"yoast-schema-graph\">{\"@context\":\"https:\/\/schema.org\",\"@graph\":[{\"@type\":\"WebPage\",\"@id\":\"https:\/\/faehrmanns-hus.de\/index.php\/grundriss\/\",\"url\":\"https:\/\/faehrmanns-hus.de\/index.php\/grundriss\/\",\"name\":\"Grundriss - Ferienwohnung in Altef\u00e4hr - Urlaub auf R\u00fcgen\",\"isPartOf\":{\"@id\":\"https:\/\/faehrmanns-hus.de\/#website\"},\"datePublished\":\"2021-03-08T13:06:10+00:00\",\"dateModified\":\"2021-03-08T13:06:10+00:00\",\"breadcrumb\":{\"@id\":\"https:\/\/faehrmanns-hus.de\/index.php\/grundriss\/#breadcrumb\"},\"inLanguage\":\"de\",\"potentialAction\":[{\"@type\":\"ReadAction\",\"target\":[\"https:\/\/faehrmanns-hus.de\/index.php\/grundriss\/\"]}]},{\"@type\":\"BreadcrumbList\",\"@id\":\"https:\/\/faehrmanns-hus.de\/index.php\/grundriss\/#breadcrumb\",\"itemListElement\":[{\"@type\":\"ListItem\",\"position\":1,\"name\":\"Home\",\"item\":\"https:\/\/faehrmanns-hus.de\/\"},{\"@type\":\"ListItem\",\"position\":2,\"name\":\"Grundriss\"}]},{\"@type\":\"WebSite\",\"@id\":\"https:\/\/faehrmanns-hus.de\/#website\",\"url\":\"https:\/\/faehrmanns-hus.de\/\",\"name\":\"Ferienwohnung in Altef\u00e4hr - Urlaub auf R\u00fcgen\",\"description\":\"S\u00fcdr\u00fcgen von seiner sch\u00f6nsten Seite\",\"potentialAction\":[{\"@type\":\"SearchAction\",\"target\":{\"@type\":\"EntryPoint\",\"urlTemplate\":\"https:\/\/faehrmanns-hus.de\/?s={search_term_string}\"},\"query-input\":\"required name=search_term_string\"}],\"inLanguage\":\"de\"}]}<\/script>\n<!-- \/ Yoast SEO plugin. -->","yoast_head_json":{"title":"Grundriss - Ferienwohnung in Altef\u00e4hr - Urlaub auf R\u00fcgen","robots":{"index":"index","follow":"follow","max-snippet":"max-snippet:-1","max-image-preview":"max-image-preview:large","max-video-preview":"max-video-preview:-1"},"canonical":"https:\/\/faehrmanns-hus.de\/index.php\/grundriss\/","og_locale":"de_DE","og_type":"article","og_title":"Grundriss - Ferienwohnung in Altef\u00e4hr - Urlaub auf R\u00fcgen","og_url":"https:\/\/faehrmanns-hus.de\/index.php\/grundriss\/","og_site_name":"Ferienwohnung in Altef\u00e4hr - Urlaub auf R\u00fcgen","og_image":[{"url":"https:\/\/faehrmanns-hus.de\/wp-content\/uploads\/2021\/03\/IMG_20210303_0002.jpg"}],"twitter_card":"summary_large_image","schema":{"@context":"https:\/\/schema.org","@graph":[{"@type":"WebPage","@id":"https:\/\/faehrmanns-hus.de\/index.php\/grundriss\/","url":"https:\/\/faehrmanns-hus.de\/index.php\/grundriss\/","name":"Grundriss - Ferienwohnung in Altef\u00e4hr - Urlaub auf R\u00fcgen","isPartOf":{"@id":"https:\/\/faehrmanns-hus.de\/#website"},"datePublished":"2021-03-08T13:06:10+00:00","dateModified":"2021-03-08T13:06:10+00:00","breadcrumb":{"@id":"https:\/\/faehrmanns-hus.de\/index.php\/grundriss\/#breadcrumb"},"inLanguage":"de","potentialAction":[{"@type":"ReadAction","target":["https:\/\/faehrmanns-hus.de\/index.php\/grundriss\/"]}]},{"@type":"BreadcrumbList","@id":"https:\/\/faehrmanns-hus.de\/index.php\/grundriss\/#breadcrumb","itemListElement":[{"@type":"ListItem","position":1,"name":"Home","item":"https:\/\/faehrmanns-hus.de\/"},{"@type":"ListItem","position":2,"name":"Grundriss"}]},{"@type":"WebSite","@id":"https:\/\/faehrmanns-hus.de\/#website","url":"https:\/\/faehrmanns-hus.de\/","name":"Ferienwohnung in Altef\u00e4hr - Urlaub auf R\u00fcgen","description":"S\u00fcdr\u00fcgen von seiner sch\u00f6nsten Seite","potentialAction":[{"@type":"SearchAction","target":{"@type":"EntryPoint","urlTemplate":"https:\/\/faehrmanns-hus.de\/?s={search_term_string}"},"query-input":"required name=search_term_string"}],"inLanguage":"de"}]}},"_links":{"self":[{"href":"https:\/\/faehrmanns-hus.de\/index.php\/wp-json\/wp\/v2\/pages\/115","targetHints":{"allow":["GET"]}}],"collection":[{"href":"https:\/\/faehrmanns-hus.de\/index.php\/wp-json\/wp\/v2\/pages"}],"about":[{"href":"https:\/\/faehrmanns-hus.de\/index.php\/wp-json\/wp\/v2\/types\/page"}],"author":[{"embeddable":true,"href":"https:\/\/faehrmanns-hus.de\/index.php\/wp-json\/wp\/v2\/users\/1"}],"replies":[{"embeddable":true,"href":"https:\/\/faehrmanns-hus.de\/index.php\/wp-json\/wp\/v2\/comments?post=115"}],"version-history":[{"count":2,"href":"https:\/\/faehrmanns-hus.de\/index.php\/wp-json\/wp\/v2\/pages\/115\/revisions"}],"predecessor-version":[{"id":118,"href":"https:\/\/faehrmanns-hus.de\/index.php\/wp-json\/wp\/v2\/pages\/115\/revisions\/118"}],"wp:attachment":[{"href":"https:\/\/faehrmanns-hus.de\/index.php\/wp-json\/wp\/v2\/media?parent=115"}],"curies":[{"name":"wp","href":"https:\/\/api.w.org\/{rel}","templated":true}]}}